1 = 2*g + p. Let t = g - -82. Is 16 a factor of t?
False
Let i = 21 + 141. Is i a multiple of 9?
True
Let v be (3 - -1)/(-3 - -1) + 35. Let m = -4 + 6. Suppose -r = -0*b - 3*b + v, m*r - 22 = -2*b. Does 8 divide b?
False
Let h = -14 + 30. Is 10 a factor of h?
False
Let t = -6 + 9. Let b = t - 5. Is 13 a factor of 46 + 2/(b/(-1))?
False
Does 18 divide (-38)/(-3)*(-6)/(-4)?
False
Let n(o) = -6*o**2 - 4*o + 2. Let k be n(3). Let q = k - -110. Is 24 a factor of q?
False
Suppose -13 = -4*f - 3*t + 28, 4*f + t = 43. Does 11 divide f?
True
Suppose -2*z - 2*i = 3*i + 292, -4*z = 2*i + 584. Let v = z + 227. Suppose 3*d = v + 21. Is 17 a factor of d?
True
Is 6 a factor of 12/(-4) + (23 - -2)?
False
Suppose j - 385 = 6*j. Let a = 114 + j. Does 15 divide a?
False
Let p(l) = 123*l - 3. Is p(1) a multiple of 24?
True
Suppose -3*p + 4*t + 476 = 124, -3*t = -p + 114. Is p a multiple of 30?
True
Let u = -110 + 220. Does 11 divide u?
True
Suppose 0 = 4*i - 4*b - 844, b - 797 = -3*i - 184. Does 9 divide i?
False
Is ((-36)/(-30))/(4/110) a multiple of 9?
False
Suppose -4*z - 8 + 20 = 0. Suppose -z*s - s + 32 = 0. Is (-45)/(-2) - 12/s a multiple of 12?
False
Let y(u) = u**2 + 5*u - 2. Is 6 a factor of y(3)?
False
Let o(d) = -d**2 - d - 52. Let i be o(0). Let r = 33 + i. Let t = -9 - r. Is 7 a factor of t?
False
Let k = 20 - 38. Is -2 + (-2 - -1) - k a multiple of 5?
True
Let l(b) = b**2 - 5*b - 7. Suppose -k - 2*k + 21 = 0. Let t be l(k). Is (6/t)/(1/7) a multiple of 6?
True
Is 38 a factor of 4/10 + 0 - 8316/(-110)?
True
Suppose -7*l + 207 = -4*l. Does 12 divide l?
False
Let x be 1 + 3*2/6. Suppose -4*m = -26 - x. Is 5 a factor of m?
False
Let w(m) = -m**2 + 7*m + 10. Let f be w(8). Suppose -4*c + 33 = 5*q, -2*q + q + 9 = f*c. Suppose v = -v + 5*n + 45, 4*v - 78 = -c*n. Is v a multiple of 13?
False
Suppose 0 = p + 4, -2*i = 2*i + 4*p - 1496. Does 18 divide i?
True
Let a = 10 + -8. Suppose -3*q = a*f - 217, 3*q = -q - 5*f + 280. Does 32 divide q?
False
Suppose -2*m = 4*l - 3*l - 44, -138 = -3*l - 3*m. Is 12 a factor of l?
True
Suppose -3*n + 90 = 3*c, -3*n - 5*c + c + 90 = 0. Suppose 3 + n = 3*w. Is w a multiple of 3?
False
Suppose 0 = z - 4*d - 9, 10*z = 5*z - 5*d + 95. Let f = -12 + z. Let q = 16 - f. Is 11 a factor of q?
True
Let a = 20 - -2. Let x = a - 8. Is x a multiple of 8?
False
Suppose -2*n + 151 - 11 = 0. Is n a multiple of 10?
True
Suppose 0*y = 3*y. Suppose -3*g + y*g = -240. Is 20 a factor of g?
True
Suppose r = -q + 16, -3*r = -8*r - 20. Suppose 5*d - 3*y - 1 = 101, 4*y = -2*d + q. Is d a multiple of 9?
True
Suppose 2*l + 35 = 7*l + i, 3*l + 7 = 5*i. Is 10 a factor of l/3 + -3 - -31?
True
Suppose -k = 5*g - 3*g - 41, -5*k + g + 150 = 0. Is 31 a factor of k?
True
Suppose -6 = -i - 0*i. Is i a multiple of 6?
True
Let u be 3*12*(-6)/(-27). Is 7 a factor of (-4)/(-16) - (-54)/u?
True
Let w = 42 + -17. Does 25 divide 0/8 - w/(-1)?
True
Let b(t) = t**2 - t - 5. Suppose -5*w - 29 = o + 4, 4*w = -o - 27. Let j be b(w). Suppose 0*d - 3*d = -h - 143, -d + 3*h + j = 0. Is 14 a factor of d?
False
Suppose -2*q - 4*o = 2*q + 16, 5*q + 8 = -o. Let j = q - -12. Does 11 divide j?
True
Suppose 2*g = 3*h + 37, -h - 64 = -5*g - 3*h. Let l = 84 - 48. Let o = l - g. Does 6 divide o?
False
Let p(m) = -m**3 + 4*m**2 - 3*m + 2. Let t be p(3). Let y(b) = b**3 - 7*b**2 + 6*b. Let i be y(4). Is (-1)/(t/i*1) a multiple of 12?
True
Let n(b) be the second derivative of b**4/12 + 25*b**2 + 2*b. Does 13 divide n(0)?
False
Suppose -5*c = 4 - 19. Suppose -5*k + c*k = -90. Is 19 a factor of k?
False
Suppose -428 = -4*t + 136. Does 55 divide t?
False
Suppose -i = -n - 10, 36 = 5*i + 3*n - 6. Is 9 a factor of i?
True
Suppose 6*k - 228 = -5*w + 2*k, -5*w - k + 222 = 0. Suppose -4*a + 52 = 4*d, 2*d + w = a + 2*a. Suppose 2*v + 9 = 2*c - 3, 3*c - v = a. Is 2 a factor of c?
True
Let l be (0 - -1) + 5 - 0. Let d = -4 + l. Suppose -n + d*a = -3*n + 62, -50 = -2*n + 2*a. Does 14 divide n?
True
Suppose 2*n - 5*t = -2*n - 104, 3*t = -2*n - 30. Let m = n - -13. Is (2 + -6 + 3)*m a multiple of 4?
True
Suppose g + g = -5*o + 21, -2*o + 3*g - 3 = 0. Is 14 a factor of -2*(129/(-6) - o)?
False
Suppose -225 - 223 = -2*g - q, 3*g - 4*q = 672. Is 56 a factor of g?
True
Let a(h) = h**3 - h + 33. Is a(0) a multiple of 11?
True
Suppose 3*m + 24 = 213. Let f be (-2)/10 - m/(-15). Does 14 divide 43/(-4)*(-16)/f?
False
Suppose 0 = -2*r - 0*r - 20. Does 8 divide 531/15 + 4/r?
False
Let c(l) = l + 3. Let o be c(5). Let b = o + -3. Suppose 0 = -b*x + 1 + 119. Is x a multiple of 12?
True
Suppose -2*w - 2*y - 92 = -3*w, 2*w - 2*y - 182 = 0. Is w a multiple of 30?
True
Suppose -5*x + 3 - 8 = 0. Let c(u) = 25*u**2. Let l be c(x). Let w = l - 3. Is 11 a factor of w?
True
Is ((-16)/(-8) - 1)/(1/11) a multiple of 11?
True
Let r(w) = -w + 6. Let o be r(-9). Let p(a) = a**3 + 4*a**2 - 4*a + 7. Let q be p(-5). Does 10 divide q/5 - (-144)/o?
True
Let r(n) be the second derivative of n**6/120 - n**5/120 - n**4/4 + 2*n. Let a(h) be the third derivative of r(h). Is 7 a factor of a(2)?
False
Let j be 1 - (0 - (1 + 0)). Is 10 a factor of -2 - j*17/(-2)?
False
Let q(g) = -g**3 - 11*g**2 - 10*g + 6. Let f(d) = -d**3 + 5*d**2 + 5*d - 4. Let b be f(6). Let j be q(b). Suppose 0 = -j*m + m + 235. Is m a multiple of 19?
False
Let n(h) = h**3 + 4*h**2 + 2*h - 1. Let j be n(-3). Let u be -89 + (0 - -1)*j. Let p = -61 - u. Does 13 divide p?
True
Is 2/4 + (-330)/(-12) a multiple of 7?
True
Let q(j) = -j**3 + j**2 + 90. Does 30 divide q(0)?
True
Let q(a) = -2*a**3 + 5*a**2 + 4*a - 3. Let d be q(4). Let s = 2 - d. Is s a multiple of 22?
False
Suppose -2*u = 3*w + 3*u - 322, 4*w = 3*u + 410. Does 26 divide w?
True
Let i = 14 + -39. Suppose 4*t + 44 = 3*t. Let d = i - t. Is 7 a factor of d?
False
Suppose 2*s = -5*g - 8 + 34, 0 = -4*g + 3*s + 30. Suppose 160 = g*r - r. Is 22 a factor of r?
False
Let m(y) be the second derivative of y**5/20 + 7*y**4/12 + y**3/3 - 4*y**2 - y. Is m(-6) a multiple of 16?
True
Let h(d) = -2*d**2 - 18*d - 10. Let p be h(-8). Suppose r - p*r = -215. Is r a multiple of 9?
False
Let u = 4 - -2. Let a(h) = 5*h. Is a(u) a multiple of 25?
False
Let x be 94/18 - 2/9. Let w(n) = n**2 - 4*n + 3. Is w(x) a multiple of 4?
True
Suppose 3*z = -3*t - 0*t + 24, 0 = 2*z + 5*t - 31. Suppose l = -0 - z. Let q = 7 - l. Is 10 a factor of q?
True
Let x = 5 + -2. Suppose -25 = x*t - 187. Is t a multiple of 14?
False
Is 100/15*(3 - 0) a multiple of 8?
False
Suppose 3*z - 5*t - 133 = 0, -5*z - 4*t + 160 = -0*t. Is 6 a factor of z?
True
Suppose 2*d = -d + 249. Is d a multiple of 25?
False
Suppose -4*y - 2*u = -2, -2*y + 0*y - 3*u - 9 = 0. Does 4 divide (y - -1)/(2/4)?
True
Let d = 279 - 190. Is 13 a factor of d?
False
Let b(g) = g**3 - 2*g**2 - 2*g. Let c be b(2). Let f be 1/c - (-2)/8. Suppose f = -5*v + 71 + 29. Is v a multiple of 7?
False
Let d(r) = -r**3 - 5*r**2 + r - 4. Let j be d(-4). Let s = 10 - j. Is s a multiple of 17?
True
Let j = 311 - 196. Is 16 a factor of j?
False
Suppose -5*p + 7*p - 24 = 0. Is 3 a factor of p?
True
Let s(v) = -434*v + 2. Let q be s(-1). Suppose 0 = 5*p - p - q. Does 20 divide p?
False
Let t be -9*(0 - -2)/(-6). Let g = t + -4. Let s(k) = -37*k**3 + 2*k**2 - 1. Is s(g) a multiple of 25?
False
Suppose -2*v - 2 = -8. Let g(c) = 3 + c - v*c - 1 + 0. Does 10 divide g(-9)?
True
Let g = 68 + -24. Is 22 a factor of g?
True
Let p be 2*(-2)/4*0. Let h be p - -1 - (4 + -7). Suppose 0 = h*t - 5*l - 95, 1 = l + 4. Is t a multiple of 16?
False
Suppose -2*i = -0*i - 72. Is 9 a factor of i?
True
Is 157 - (1/(-2))/(8/48) a multiple of 32?
True
Let v(s) be the third derivative of s**5/60 - s**4/24 - 2*s**3/3 + 2*s**2. Is v(-5) a multiple of 26?
True
Let v(i) be the third derivative of -i**4/4 - i**2. Let s = -4 + 3. Is 6 a factor of v(s)?
True
Let f = 0 + 56. Is 28 a factor of f?
True
Let u(j) = 5*j + 28. Is 11 a factor of u(12)?
True
Suppose g - 19 = -2*a - 0*a, -81 = -5*g - 3*a. Does 2 divide g?
False
Suppose y + 44 - 53 = 0. Is y a multiple of 7?
False
Let t = 151 - 98. Is 11 a factor of t?
False
Suppose 4*k - 118 = -30. Suppose k = 5*y + 2*c - 5*c, -3*c = 12. Let s = 10 + y. Is s a multiple of 6?
True
Suppose q = 2*a + 133, 2*q = -2*a + 160 + 112. Is 15 a factor of q?
True
Suppose -5*x = p - 2*p - 15, 3*p = -5*x + 15